{"id":161,"date":"2023-10-16T20:36:26","date_gmt":"2023-10-16T18:36:26","guid":{"rendered":"https:\/\/sp31.miastozabrze.pl\/?page_id=161"},"modified":"2025-10-13T19:14:45","modified_gmt":"2025-10-13T17:14:45","slug":"grono-pedagogiczne","status":"publish","type":"page","link":"https:\/\/sp31.miastozabrze.pl\/?page_id=161","title":{"rendered":"GRONO PEDAGOGICZNE"},"content":{"rendered":"\n<p><\/p>\n\n\n\n<p><strong>Dyrektor&nbsp; &#8211; mgr Barbara Garczyk<\/strong><\/p>\n\n\n\n<p><strong>Wicedyrektor&nbsp; &#8211;&nbsp; mgr Aleksandra Lisowicz-Wypart&nbsp;&nbsp;<\/strong><\/p>\n\n\n\n<p class=\"has-text-align-center\"><strong>Nauczyciele<\/strong><\/p>\n\n\n\n<p><strong>mgr Barbara Bia\u0142as<\/strong> &#8211; nauczycielka wychowania fizycznego i edukacji dla bezpiecze\u0144stwa, pasjonatka wszelakich form aktywno\u015bci ruchowej<\/p>\n\n\n\n<p><strong>mgr Helena Biernat<\/strong> &#8211; nauczycielka edukacji wczesnoszkolnej<\/p>\n\n\n\n<p><strong>mgr Jolanta Cioch-Gabry\u015b <\/strong>&#8211; nauczycielka historii oraz religii, mi\u0142o\u015bniczka podr\u00f3\u017cy, chc\u0105ca wci\u0105\u017c poznawa\u0107 \u015bwiat i ludzi <\/p>\n\n\n\n<p><strong>mgr Ewa Dunajewska-Ozimek<\/strong> &#8211; polonistka, uwielbia ksi\u0105\u017cki i wszystko z nimi zwi\u0105zane, kocha koty i spacery z psami<\/p>\n\n\n\n<p><strong>dr Ma\u0142gorzata Frelich<\/strong> &#8211; nauczycielka biologii, chemii i fizyki, mi\u0142o\u015bniczka storczyk\u00f3w i makramy<\/p>\n\n\n\n<p><strong>mgr Barbara Garczyk<\/strong> &#8211; nauczycielka informatyki<\/p>\n\n\n\n<p><strong>mgr Ewelina G\u0142owacka<\/strong> &#8211; nauczycielka edukacji wczesnoszkolnej<\/p>\n\n\n\n<p><strong>mgr Beata Go\u0142\u0105b<\/strong> &#8211; pedagog szkolny <\/p>\n\n\n\n<p><strong>mgr Katarzyna Harkawy<\/strong> &#8211; nauczycielka muzyki, informatyki, pasjonatka dobrej literatury i dobrej muzyki<\/p>\n\n\n\n<p><strong>mgr El\u017cbieta Jurewicz<\/strong> &#8211; nauczycielka edukacji wczesnoszkolnej, nauczycielka wychowania do \u017cycia  w rodzinie, pasjonatka dobrych krymina\u0142\u00f3w, podr\u00f3\u017cy i zdrowego jedzenia<\/p>\n\n\n\n<p><strong>mgr Marianna Kamela<\/strong>&#8211; nauczycielka edukacji wczesnoszkolnej<\/p>\n\n\n\n<p><strong>mgr Katarzyna Krulicka &#8211; <\/strong>nauczycielka j\u0119zyka polskiego, biotechnolo\u017cka, mi\u0142o\u015bniczka kuchni, szczeg\u00f3lnie w jej s\u0142odkim wydaniu, uwielbia pracowa\u0107 z glin\u0105 i wyczarowywa\u0107 ceramiczne cuda<\/p>\n\n\n\n<p><strong>mgr Lucyna Kucab<\/strong> &#8211; nauczycielka j\u0119zyka polskiego <\/p>\n\n\n\n<p><strong>mgr Aleksandra Lisowicz-Wypart<\/strong> &#8211; nauczycielka j\u0119zyka angielskiego z zami\u0142owania, zapalona podr\u00f3\u017cniczka i mi\u0142o\u015bniczka g\u00f3r<\/p>\n\n\n\n<p><strong>mgr Sylwia \u0141apok<\/strong> &#8211; bibliotekarka, nauczycielka historii i WOS-u w wolnych chwilach czyta i ogl\u0105da krymina\u0142y <\/p>\n\n\n\n<p><strong>mgr Klaudia Marczak &#8211;<\/strong> nauczyciel religii<\/p>\n\n\n\n<p><strong>mgr Tomasz Morzy\u0144ski<\/strong> &#8211; nauczyciel wychowania fizycznego, zakr\u0119cony na punkcie dw\u00f3ch k\u00f3\u0142ek<\/p>\n\n\n\n<p><strong>mgr Aneta Niewlaczyn<\/strong> &#8211; logopeda<\/p>\n\n\n\n<p><strong>mgr Monika Or\u0142owska<\/strong> &#8211; nauczycielka plastyki, malarka, uwra\u017cliwiaj\u0105ca innych na pi\u0119kno, fascynatka natury, zwierz\u0105t i psychologii cz\u0142owieka <\/p>\n\n\n\n<p><strong>mgr Mariola Pomorska <\/strong>&#8211; nauczyciel techniki<\/p>\n\n\n\n<p><strong>mgr Wioletta Rafalak<\/strong> &#8211; nauczycielka j\u0119zyka angielskiego, ch\u0119tnie eksperymentuj\u0105ca z mod\u0105, wykszta\u0142cona krytyczka filmowa oraz zdrowego od\u017cywiania <\/p>\n\n\n\n<p><strong>mgr Sabina R\u00f3wi\u0144ska<\/strong> &#8211; doradztwo zawodowe<\/p>\n\n\n\n<p><strong>mgr Barbara Smogorzewska<\/strong> &#8211; nauczycielka \u015bwietlicy<\/p>\n\n\n\n<p><strong>mgr Agnieszka Soko\u0142owska<\/strong> &#8211; nauczycielka edukacji wczesnoszkolnej, nauczyciel wspomagaj\u0105cy, tyflopedagog instruktor karate, kocha pieski i ich szkolenie<\/p>\n\n\n\n<p><strong>mgr Honorat So\u0142tysiak<\/strong> &#8211; nauczyciel wsp\u00f3\u0142organizuj\u0105cy<\/p>\n\n\n\n<p><strong>mgr Maria Styrczula<\/strong> &#8211; nauczycielka przyrody i biologii<\/p>\n\n\n\n<p><strong>mgr Magdalena Szkar\u0142at <\/strong>&#8211; nauczycielka matematyki <\/p>\n\n\n\n<p><strong>mgr Beata Sznyder<\/strong> &#8211; psycholog szkolny<\/p>\n\n\n\n<p><strong>mgr Klaudia Szo\u0142tysik<\/strong> &#8211; nauczycielka j\u0119zyka niemieckiego <\/p>\n\n\n\n<p><strong>mgr Anna Trybus<\/strong> &#8211; nauczycielka edukacji wczesnoszkolnej, kocha fantastyk\u0119 w ka\u017cdym wydaniu i w\u0119dr\u00f3wki g\u00f3rskie<\/p>\n\n\n\n<p><strong>mgr Bo\u017cena Wac\u0142awik<\/strong> &#8211; nauczycielka geografii, mi\u0142o\u015bniczka g\u00f3r, wycieczek i fotografii, zapalona podr\u00f3\u017cniczka (odwiedzi\u0142a ponad 30 kraj\u00f3w Europy)<\/p>\n\n\n\n<p><strong>mgr Jolanta W\u0105si\u0144ska <\/strong>&#8211; pedagog specjalny, nauczycielka rewalidacji, historii i WOS-u, uwielbia wycieczki g\u00f3rskie, natur\u0119 i  muzyk\u0119 <\/p>\n\n\n\n<p><strong>mgr Bo\u017cena Weiss<\/strong> &#8211; nauczycielka j\u0119zyka angielskiego i informatyki z elementami technologii informacyjnej, kibicuje Tr\u00f3jkolorowym, cz\u0119sto si\u0119 u\u015bmiecha, lubi podr\u00f3\u017ce i  s\u0142odko\u015bci<\/p>\n\n\n\n<p><strong>mgr Sabina Werszner<\/strong> &#8211; nauczycielka edukacji wczesnoszkolnej, wielbicielka ptak\u00f3w i wszystkich zwierzak\u00f3w&nbsp;<\/p>\n\n\n\n<p><strong>mgr Rafa\u0142 Wr\u00f3bel <\/strong>&#8211; nauczyciel matematyki, pasjonat sportu, a zw\u0142aszcza jego historii&nbsp;&nbsp;<\/p>\n\n\n\n<p><\/p>\n\n\n\n<p><\/p>\n\n\n\n<p><\/p>\n\n\n\n<p><\/p>\n","protected":false},"excerpt":{"rendered":"<p>Dyrektor&nbsp; &#8211; mgr Barbara Garczyk Wicedyrektor&nbsp; &#8211;&nbsp; mgr Aleksandra Lisowicz-Wypart&nbsp;&nbsp; Nauczyciele mgr Barbara Bia\u0142as &#8211; nauczycielka wychowania fizycznego i edukacji dla bezpiecze\u0144stwa, pasjonatka wszelakich form [&hellip;]<\/p>\n","protected":false},"author":1,"featured_media":0,"parent":0,"menu_order":0,"comment_status":"closed","ping_status":"closed","template":"","meta":{"_regular_price":[],"currency_symbol":[],"_kadence_starter_templates_imported_post":false,"footnotes":""},"class_list":["post-161","page","type-page","status-publish","hentry"],"post_slider_layout_featured_media_urls":{"thumbnail":"","post_slider_layout_landscape_large":"","post_slider_layout_portrait_large":"","post_slider_layout_square_large":"","post_slider_layout_landscape":"","post_slider_layout_portrait":"","post_slider_layout_square":"","full":""},"_links":{"self":[{"href":"https:\/\/sp31.miastozabrze.pl\/index.php?rest_route=\/wp\/v2\/pages\/161","targetHints":{"allow":["GET"]}}],"collection":[{"href":"https:\/\/sp31.miastozabrze.pl\/index.php?rest_route=\/wp\/v2\/pages"}],"about":[{"href":"https:\/\/sp31.miastozabrze.pl\/index.php?rest_route=\/wp\/v2\/types\/page"}],"author":[{"embeddable":true,"href":"https:\/\/sp31.miastozabrze.pl\/index.php?rest_route=\/wp\/v2\/users\/1"}],"replies":[{"embeddable":true,"href":"https:\/\/sp31.miastozabrze.pl\/index.php?rest_route=%2Fwp%2Fv2%2Fcomments&post=161"}],"version-history":[{"count":20,"href":"https:\/\/sp31.miastozabrze.pl\/index.php?rest_route=\/wp\/v2\/pages\/161\/revisions"}],"predecessor-version":[{"id":2699,"href":"https:\/\/sp31.miastozabrze.pl\/index.php?rest_route=\/wp\/v2\/pages\/161\/revisions\/2699"}],"wp:attachment":[{"href":"https:\/\/sp31.miastozabrze.pl\/index.php?rest_route=%2Fwp%2Fv2%2Fmedia&parent=161"}],"curies":[{"name":"wp","href":"https:\/\/api.w.org\/{rel}","templated":true}]}}